{"id":72,"date":"2024-10-11T07:12:40","date_gmt":"2024-10-11T07:12:40","guid":{"rendered":"https:\/\/bruchsal-sfv.de\/?page_id=72"},"modified":"2024-10-11T07:12:40","modified_gmt":"2024-10-11T07:12:40","slug":"chronik","status":"publish","type":"page","link":"https:\/\/bruchsal-sfv.de\/index.php\/chronik\/","title":{"rendered":"Chronik"},"content":{"rendered":"\n<p class=\"has-drop-cap\">Sportfischerverein 1951 e.V., wahrlich ein stolzes Alter, wenn man bedenkt, in welcher Zeit und unter welchen Umst\u00e4nden dieser Verein gegr\u00fcndet wurde. Unsere Heimatstadt Bruchsal lag noch in den Tr\u00fcmmern, alles war im Um \u2013 und Aufbruch nach der W\u00e4hrungsreform im Jahr 1948. Der Wunsch nach einem, besseren Leben, nach Freude und Gemeinsamkeit war gesellschaftsbestimmend. So konnte es nicht verwundern, dass sich 19 Sportkameraden dem Hobby \u201eAngeln\u201e zuwendeten und den 1. Bruchsaler Angelsportverein im Januar 1951 im \u201eRheinischen Hof\u201e gr\u00fcndeten.<\/p>\n\n\n\n<p>Zum 1. Vorsitzenden des Vereins wurde Carl Wild gew\u00e4hlt, der 17 Jahre den Verein f\u00fchrte. Er war Wegbereiter in Sachen \u201eFischwasser\u201e.Da Bruchsal keine Baggerseen besa\u00df , konzentrierte man sich auf den damaligen Landkreis Bruchsal und schloss Pachtvertr\u00e4ge mit der Firma Prestel in Neudorf und der Firma K\u00e4lberer in Weiher f\u00fcr den damaligen \u201eHawai-See\u201c ab.<\/p>\n\n\n\n<p>Die Vereinsentwicklung mit seinen Mitgliederzahlen verlief stets ansteigend aber ohne H\u00f6hepunkte und hatte im Jahr 1968 einen Stand von 87 Mitgliedern. Zu dieser Zeit kam nach 17- j\u00e4hriger Amtszeit der Vorstandswechsel, und Franz Barth \u00fcbernahm die Vereinsf\u00fchrung.<\/p>\n\n\n\n<p>Es war die Zeit der Hochkonjunktur was auch seinen Niederschlag im Vereinswesen hinterlie\u00df. Die Zeit des geruhsamen Angelbetriebes und der Problemlosigkeit war zu Ende. Die Baggerseen hatten seit ihrer Anpachtung Dimensionen bekommen und mussten mit Fischen besetzt werden, was zur Folge hatte, das man Besatzkosten mit den Mitgliedsbeitr\u00e4gen nicht mehr decken konnte. Neue Einnahmequellen wurden mit den Fischerfesten gefunden, was eine Umstrukturierung des Vereinslebens mit sich brachte, denn man brauchte pl\u00f6tzlich einen Vergn\u00fcgungs- und einen Ger\u00e4tewart zur Verwaltung der Festger\u00e4tschaften.<\/p>\n\n\n\n<p>Auch unser Verein wurde mit all diesen Konsequenzen konfrontiert und bem\u00fchte sich in der Form, ein Vereinsgel\u00e4nde am Baggersee \u201eK\u00e4lberer \u201e zu schaffen. Das unter der \u00c4ra Franz Barth auf seinem Ackerland angelegte Hege \u2013Vereins -und Campinggel\u00e4nde wurde von den Anglern in Eigenleistung zu einer Modellanlage mit Laichbecken bepflanzt, eingez\u00e4unt und mit den Jahren zu einer Idylle ausgebaut. Durch die in den 70 er Jahren statt gefundene Gebietsreform wurden die Orte Ubstadt und Weiher zusammengelegt, was zur Folge hatte, dass sich auch ein Angelverein Ubstadt \u2013 Weiher gr\u00fcndete, der Anspruch an unser Hauptgew\u00e4sser welches sich zwischenzeitlich \u201eHardtsee\u201c nannte, stellte.<\/p>\n\n\n\n<p>Im Jahre 1984 wurde uns nach 33-j\u00e4hriger Pacht und Hegearbeit das Gew\u00e4sser ohne Abfindung gek\u00fcndigt. Vorbei war auch der Traum eines eigenen Vereinsgel\u00e4ndes. Parallel zu diesem Ereignis ereilte uns das Schicksal am Prestelsee, auch dort stellte ein neu gegr\u00fcndeter Angelverein seine Pachtanspr\u00fcche, die in eine Angelpartnerschaft und letztendlich 1995 zum Verlust dieses Gew\u00e4ssers f\u00fchrte. Die Probleme dieser letzten aufgezeigten Jahre, brachte unseren Verein an den Rand der Existenzberechtigung , was mit einem starken Mitgliederschwund verbunden war.<\/p>\n\n\n\n<p>Im Jahr 1986 wurde aus Altersgr\u00fcnden der 3. Vorstandswechsel vollzogen . Man brauchte einen Vereinserfahrenen 1. Vorsitzenden um aus den Schwierigkeiten heraus zu kommen und w\u00e4hlte Siegfried Schlegel, der schon 16 Jahre Erfahrung im Vereinsmanagement hatte. Im Mittelpunkt der neuen Vorstandschaft stand der Wunsch und Wille nach einem Fischwasser. So ist dieses Vorhaben nur \u00fcber die Stadtverwaltung Bruchsal m\u00f6glich gewesen. Die Anpachtung eines nicht Bruchsaler Gew\u00e4ssers w\u00e4re aus Erfahrung mit Sicherheit vereinst\u00f6tend gewesen. Diesem Wunsch wurde durch die Stadt Bruchsal Rechnung getragen.<\/p>\n\n\n\n<p>Durch pers\u00f6nlichen Einsatz des Oberb\u00fcrgermeisters Bernd Doll wurde 1987 eine Partnerschaft mit dem AV-B\u00fcchenau, f\u00fcr die Befischung des Baggersees \u201eFahrteich \u201e in B\u00fcchenau, mit einer Laufzeit von 18 Jahren abgeschlossen. Mit dieser Gew\u00e4ssersicherung begann eine neue Zeit der Vereinsgeschichte.<\/p>\n\n\n\n<p>So konnten in den Folgejahren verschiedene Hegegew\u00e4sser wie die Grombach oder der Sch\u00f6nbornwiesengraben ,ein Hardtgrabenteilst\u00fcck , ein Pfinzsektor ,verschiedene Teiche aber auch der gesamte Saalbachlauf auf Bruchsaler Gemarkung mit Kanalsystem in einer Gesamtl\u00e4nge von ca. 12 km L\u00e4nge in Pacht genommen werden.<\/p>\n\n\n\n<p>Mit einem erstarkten \u201cWir \u201e-Gef\u00fchl wurde Mitte der 90er Jahre das Projekt \u201eVereinsheim \u201e geboren, welches im Jahr 1996 mit der Einweihung seinen H\u00f6hepunkt fand. So wurde nach fast 45 Jahren Vereinsgeschichte ein Meilenstein gesetzt, der f\u00fcr die Nachfolgerschaft des SFV-Bruchsal stets ein Symbol der Kraft, St\u00e4rke und Zusammengeh\u00f6rigkeit sein soll.<\/p>\n\n\n\n<p>Im Jahr 2001 feierte der Verein im Rechbergsaal des Bruchsaler B\u00fcrgerzentrums sein goldenes Jubil\u00e4um. Im gro\u00dfen Kreis der Besucher waren die F\u00fchrung des Landesverbandes Pr\u00e4sident G\u00f6bel und sein Vize Horst Lensker, der Partnerverein AV-B\u00fcchenau, Vertreter des Stadtrates und der Oberb\u00fcrgermeister von Bruchsal , Bernd Doll anwesend, letzterer hielt auch die Laudatio.<\/p>\n\n\n\n<p>Nach diesem epochalem Ereignis trat der 1. Vorsitzende Siegfried Schlegel aus Altersgr\u00fcnden von seinem Amt zur\u00fcck und \u00fcbergab es dem bisherigen 2. Vorsitzenden Klaus Uehlein. Er f\u00fchrte den Verein von M\u00e4rz 2001 bis zum Juli 2003 und gab dann seinen R\u00fccktritt bekannt.<\/p>\n\n\n\n<p>Ab diesem Zeitpunkt leitet der 2. Vorsitzende Michael Schlegel den Verein bis zur Wiederwahl eines neuen 1. Vorsitzenden. Im Jahr 2004 wurde ein neuer Pachtvertrag f\u00fcr den Baggersee Fahrteich mit einer Laufzeit \u00fcber 20 Jahre abgeschlossen. Die gleichberechtigten Partnervereine AV-B\u00fcchenau und der SFV-Bruchsal haben nun wieder die Voraussetzung f\u00fcr einen zukunftsorientierten Gew\u00e4sseraufbau.<\/p>\n\n\n\n<p>Zum 1. Vorsitzenden wurde im M\u00e4rz 2005 Michael Schlegel gew\u00e4hlt. Im gleichen Jahr wurde ein Pachtvertrag f\u00fcr die Vergr\u00f6\u00dferung unseres Vereinsareals um 30 Ar angestrebt und auch abgeschlossen. Der Verein hat nun die M\u00f6glichkeit mit diesem dazugewonnen Grundst\u00fcck eine Casting- und Freizeitst\u00e4tte zu gestalten.<\/p>\n\n\n\n<p>Seit Anfang des Jahres 2006 haben wir einen neuen Pachtvertrag f\u00fcr ein neues Teilst\u00fcck der Saalbach von ehemals Schlachthof Bruchsal bis Schwimmbadstra\u00dfe in Verbindung der dazugeh\u00f6renden Annabach mit der Stadt Bruchsal abgeschlossen.<\/p>\n\n\n\n<p>Ende 2006 war unser Verein, sowie die Stadt Bruchsal mit Renaturierungsarbeiten an der Annabach t\u00e4tig. Es wurden Str\u00f6mungssteine in den Bachlauf eingebracht und eine rauhe Rampe an der Augartenstra\u00dfe geschaffen um den Bachforellen naturgetreue Umgebungsbeschaffenheiten zu gew\u00e4hrleisten.<\/p>\n\n\n\n<p>Erw\u00e4hnenswert ist auch die Tatsache, das wir dieses neue Teilst\u00fcck der Saalbach, von ehemals Schlachthof Bruchsal bis zur Schwimmbadstra\u00dfe als reine Fliegenfischerstrecke ausgewiesen haben.<\/p>\n\n\n\n<p>Schon jetzt konnte man feststellen, dass sich eine Fliegenfischergruppe im Verein bildete und sich diesen nicht allt\u00e4glichen Hobby zu widmen und auszuf\u00fchren.<\/p>\n\n\n\n<p>Im Jahre 2009 wurde noch das fehlende Teilst\u00fcck der Saalbach von Schwimmbadstra\u00dfe bis Uferweg dazugepachtet. Somit ist die komplette Saalbach auf Gemarkung Bruchsal vom SFV-Bruchsal angepchtet.<\/p>\n","protected":false},"excerpt":{"rendered":"<p>Sportfischerverein 1951 e.V., wahrlich ein stolzes Alter, wenn man bedenkt, in welcher Zeit und unter welchen Umst\u00e4nden dieser Verein gegr\u00fcndet wurde. Unsere Heimatstadt Bruchsal lag noch in den Tr\u00fcmmern, alles war im Um \u2013 und Aufbruch nach der W\u00e4hrungsreform im Jahr 1948. Der Wunsch nach einem, besseren Leben, nach Freude und Gemeinsamkeit war gesellschaftsbestimmend. So &hellip; <a href=\"https:\/\/bruchsal-sfv.de\/index.php\/chronik\/\" class=\"more-link\"><span class=\"screen-reader-text\">Chronik<\/span> weiterlesen <span class=\"meta-nav\">&rarr;<\/span><\/a><\/p>\n","protected":false},"author":2,"featured_media":0,"parent":0,"menu_order":0,"comment_status":"closed","ping_status":"closed","template":"","meta":{"footnotes":""},"class_list":["post-72","page","type-page","status-publish","hentry"],"_links":{"self":[{"href":"https:\/\/bruchsal-sfv.de\/index.php\/wp-json\/wp\/v2\/pages\/72","targetHints":{"allow":["GET"]}}],"collection":[{"href":"https:\/\/bruchsal-sfv.de\/index.php\/wp-json\/wp\/v2\/pages"}],"about":[{"href":"https:\/\/bruchsal-sfv.de\/index.php\/wp-json\/wp\/v2\/types\/page"}],"author":[{"embeddable":true,"href":"https:\/\/bruchsal-sfv.de\/index.php\/wp-json\/wp\/v2\/users\/2"}],"replies":[{"embeddable":true,"href":"https:\/\/bruchsal-sfv.de\/index.php\/wp-json\/wp\/v2\/comments?post=72"}],"version-history":[{"count":1,"href":"https:\/\/bruchsal-sfv.de\/index.php\/wp-json\/wp\/v2\/pages\/72\/revisions"}],"predecessor-version":[{"id":73,"href":"https:\/\/bruchsal-sfv.de\/index.php\/wp-json\/wp\/v2\/pages\/72\/revisions\/73"}],"wp:attachment":[{"href":"https:\/\/bruchsal-sfv.de\/index.php\/wp-json\/wp\/v2\/media?parent=72"}],"curies":[{"name":"wp","href":"https:\/\/api.w.org\/{rel}","templated":true}]}}