{"id":74,"date":"2024-10-11T07:59:16","date_gmt":"2024-10-11T07:59:16","guid":{"rendered":"https:\/\/bruchsal-sfv.de\/?page_id=74"},"modified":"2024-10-11T07:59:16","modified_gmt":"2024-10-11T07:59:16","slug":"gruendungsversammlung","status":"publish","type":"page","link":"https:\/\/bruchsal-sfv.de\/index.php\/gruendungsversammlung\/","title":{"rendered":"Gr\u00fcndungsversammlung"},"content":{"rendered":"\n<p>Am 06. Januar 1951 wurde der Sportfischerverein Bruchsal durch die nachstehend genannten Personen im Rheinischen Hof gegr\u00fcndet.<\/p>\n\n\n\n<ol class=\"wp-block-list\">\n<li>Fies, Rudolf<\/li>\n\n\n\n<li>Fies, Walter<\/li>\n\n\n\n<li>Wild, Karl<\/li>\n\n\n\n<li>Beismann, Alfred<\/li>\n\n\n\n<li>Erber, Baptist<\/li>\n\n\n\n<li>Erber, Siegfried<\/li>\n\n\n\n<li>Gassner, Adolf<\/li>\n\n\n\n<li>Sauer, August<\/li>\n\n\n\n<li>Kreppein, Robert<\/li>\n\n\n\n<li>Eisemann, Fritz<\/li>\n\n\n\n<li>Herbold, Albert<\/li>\n\n\n\n<li>Doerk, Werner<\/li>\n\n\n\n<li>Gabriel, Hans<\/li>\n\n\n\n<li>Flegler, Adam<\/li>\n\n\n\n<li>Materna, Engelbert<\/li>\n\n\n\n<li>M\u00fcss, Anton<\/li>\n\n\n\n<li>Stehle, Gustav<\/li>\n\n\n\n<li>Duttenhofer, Fritz<\/li>\n\n\n\n<li>Raab, Hermann<\/li>\n<\/ol>\n\n\n<div class=\"wp-block-image\">\n<figure class=\"aligncenter size-full\"><img loading=\"lazy\" decoding=\"async\" width=\"351\" height=\"460\" src=\"https:\/\/bruchsal-sfv.de\/wp-content\/uploads\/2024\/10\/gruendungsmitglieder.jpg\" alt=\"\" class=\"wp-image-75\" srcset=\"https:\/\/bruchsal-sfv.de\/wp-content\/uploads\/2024\/10\/gruendungsmitglieder.jpg 351w, https:\/\/bruchsal-sfv.de\/wp-content\/uploads\/2024\/10\/gruendungsmitglieder-229x300.jpg 229w\" sizes=\"auto, (max-width: 351px) 100vw, 351px\" \/><\/figure>\n<\/div>\n\n\n<ol class=\"wp-block-list\">\n<li>Karl, Wild<\/li>\n\n\n\n<li>Materna, Engelbert<\/li>\n\n\n\n<li>Hans, Gabriel<\/li>\n\n\n\n<li>Alfred, Beismann<\/li>\n\n\n\n<li>Siegfried, Erber<\/li>\n\n\n\n<li>Franzis, Erber<\/li>\n\n\n\n<li>K\u00f6hler<\/li>\n\n\n\n<li>Ferdinand, H\u00e4usler<\/li>\n\n\n\n<li>August, Sauer<\/li>\n\n\n\n<li>H\u00e4usler<\/li>\n<\/ol>\n\n\n\n<p>Bei der Gr\u00fcndungsversammlung wurden in den Vorstand gew\u00e4hlt:<\/p>\n\n\n\n<ol class=\"wp-block-list\">\n<li>Vorsitzender Karl, Wild<\/li>\n\n\n\n<li>Vorsitzender Alfred, Beismann<\/li>\n<\/ol>\n\n\n\n<p>Schriftf\u00fchrer Alfred, Beismann<\/p>\n\n\n\n<p>Pressewart Baptist, Erber<\/p>\n\n\n\n<p>Rechtsberater Adolf, Gassner<\/p>\n\n\n\n<p>Kassierer August, Sauer<\/p>\n\n\n\n<ol class=\"wp-block-list\">\n<li>Fischmeister Siegfried, Erber<\/li>\n\n\n\n<li>Fischmeister Walter, Fies<\/li>\n<\/ol>\n\n\n\n<p>Als Fischwasser wurden die Kiesgrube Prestel in Neudorf und die Kiesgrube Hauff in Leopoldshafen auf jeweils 10 Jahre angepachtet, ab 1952 der Baggersee K\u00e4lberer in Ubstadt-Weiher.<br>Der neu gegr\u00fcndete Verein geh\u00f6rt der Interessengemeinschaft Rheinland-Pfalz an.<\/p>\n\n\n\n<p>Ab 1952 besteht Mitgliedschaft beim Verband f\u00fcr Fischerei und Gew\u00e4sserschutz in Baden\u2013W\u00fcrttemberg e.V.<\/p>\n","protected":false},"excerpt":{"rendered":"<p>Am 06. Januar 1951 wurde der Sportfischerverein Bruchsal durch die nachstehend genannten Personen im Rheinischen Hof gegr\u00fcndet. Bei der Gr\u00fcndungsversammlung wurden in den Vorstand gew\u00e4hlt: Schriftf\u00fchrer Alfred, Beismann Pressewart Baptist, Erber Rechtsberater Adolf, Gassner Kassierer August, Sauer Als Fischwasser wurden die Kiesgrube Prestel in Neudorf und die Kiesgrube Hauff in Leopoldshafen auf jeweils 10 Jahre &hellip; <a href=\"https:\/\/bruchsal-sfv.de\/index.php\/gruendungsversammlung\/\" class=\"more-link\"><span class=\"screen-reader-text\">Gr\u00fcndungsversammlung<\/span> weiterlesen <span class=\"meta-nav\">&rarr;<\/span><\/a><\/p>\n","protected":false},"author":2,"featured_media":0,"parent":0,"menu_order":0,"comment_status":"closed","ping_status":"closed","template":"","meta":{"footnotes":""},"class_list":["post-74","page","type-page","status-publish","hentry"],"_links":{"self":[{"href":"https:\/\/bruchsal-sfv.de\/index.php\/wp-json\/wp\/v2\/pages\/74","targetHints":{"allow":["GET"]}}],"collection":[{"href":"https:\/\/bruchsal-sfv.de\/index.php\/wp-json\/wp\/v2\/pages"}],"about":[{"href":"https:\/\/bruchsal-sfv.de\/index.php\/wp-json\/wp\/v2\/types\/page"}],"author":[{"embeddable":true,"href":"https:\/\/bruchsal-sfv.de\/index.php\/wp-json\/wp\/v2\/users\/2"}],"replies":[{"embeddable":true,"href":"https:\/\/bruchsal-sfv.de\/index.php\/wp-json\/wp\/v2\/comments?post=74"}],"version-history":[{"count":1,"href":"https:\/\/bruchsal-sfv.de\/index.php\/wp-json\/wp\/v2\/pages\/74\/revisions"}],"predecessor-version":[{"id":76,"href":"https:\/\/bruchsal-sfv.de\/index.php\/wp-json\/wp\/v2\/pages\/74\/revisions\/76"}],"wp:attachment":[{"href":"https:\/\/bruchsal-sfv.de\/index.php\/wp-json\/wp\/v2\/media?parent=74"}],"curies":[{"name":"wp","href":"https:\/\/api.w.org\/{rel}","templated":true}]}}