{"id":80,"date":"2024-10-11T08:32:53","date_gmt":"2024-10-11T08:32:53","guid":{"rendered":"https:\/\/bruchsal-sfv.de\/?page_id=80"},"modified":"2024-12-16T18:14:03","modified_gmt":"2024-12-16T18:14:03","slug":"unsere-traeger-der-landesehrennadel","status":"publish","type":"page","link":"https:\/\/bruchsal-sfv.de\/index.php\/unsere-traeger-der-landesehrennadel\/","title":{"rendered":"Unsere Tr\u00e4ger der Landesehrennadel"},"content":{"rendered":"\n<figure class=\"wp-block-table\"><table><tbody><tr><td>2023<\/td><td>Michael Schlegel<\/td><td>27 Jahre Vorstandsarbeit <br>davon 20 als 1.Vorsitzender<\/td><\/tr><tr><td>1997<\/td><td>Bernd M\u00fcller<\/td><td>20 Jahre Vorstandschaftst\u00e4tigkeit <br>auch als Kassier<\/td><\/tr><tr><td>1996<\/td><td>Horst Lensker<\/td><td>langj\u00e4hrige verschiedene Vorstand- <br>schaftst\u00e4tigkeiten<\/td><\/tr><tr><td>1991<\/td><td>Horst M\u00fcller<\/td><td>23 Jahre Vorstandsarbeit und 2. Vorsitzender<\/td><\/tr><tr><td>1991<\/td><td>Siegfried Schlegel<\/td><td>20 Jahre Vorstandsarbeit <br>davon 6 als 1.Vorsitzender<\/td><\/tr><tr><td>1986<\/td><td>Rudolf Beissmann<\/td><td>f\u00fcr 33 Jahre verschiedene Vorstandst\u00e4tigkeiten<\/td><\/tr><\/tbody><\/table><\/figure>\n","protected":false},"excerpt":{"rendered":"<p>2023 Michael Schlegel 27 Jahre Vorstandsarbeit davon 20 als 1.Vorsitzender 1997 Bernd M\u00fcller 20 Jahre Vorstandschaftst\u00e4tigkeit auch als Kassier 1996 Horst Lensker langj\u00e4hrige verschiedene Vorstand- schaftst\u00e4tigkeiten 1991 Horst M\u00fcller 23 Jahre Vorstandsarbeit und 2. Vorsitzender 1991 Siegfried Schlegel 20 Jahre Vorstandsarbeit davon 6 als 1.Vorsitzender 1986 Rudolf Beissmann f\u00fcr 33 Jahre verschiedene Vorstandst\u00e4tigkeiten<\/p>\n","protected":false},"author":2,"featured_media":0,"parent":0,"menu_order":0,"comment_status":"closed","ping_status":"closed","template":"","meta":{"footnotes":""},"class_list":["post-80","page","type-page","status-publish","hentry"],"_links":{"self":[{"href":"https:\/\/bruchsal-sfv.de\/index.php\/wp-json\/wp\/v2\/pages\/80","targetHints":{"allow":["GET"]}}],"collection":[{"href":"https:\/\/bruchsal-sfv.de\/index.php\/wp-json\/wp\/v2\/pages"}],"about":[{"href":"https:\/\/bruchsal-sfv.de\/index.php\/wp-json\/wp\/v2\/types\/page"}],"author":[{"embeddable":true,"href":"https:\/\/bruchsal-sfv.de\/index.php\/wp-json\/wp\/v2\/users\/2"}],"replies":[{"embeddable":true,"href":"https:\/\/bruchsal-sfv.de\/index.php\/wp-json\/wp\/v2\/comments?post=80"}],"version-history":[{"count":4,"href":"https:\/\/bruchsal-sfv.de\/index.php\/wp-json\/wp\/v2\/pages\/80\/revisions"}],"predecessor-version":[{"id":161,"href":"https:\/\/bruchsal-sfv.de\/index.php\/wp-json\/wp\/v2\/pages\/80\/revisions\/161"}],"wp:attachment":[{"href":"https:\/\/bruchsal-sfv.de\/index.php\/wp-json\/wp\/v2\/media?parent=80"}],"curies":[{"name":"wp","href":"https:\/\/api.w.org\/{rel}","templated":true}]}}

Unsere Träger der Landesehrennadel

<figure class="wp-block-table"><table><tbody><tr><td>2023</td><td>Michael Schlegel</td><td>27 Jahre Vorstandsarbeit <br>davon 20 als 1.Vorsitzender</td></tr><tr><td>1997</td><td>Bernd Müller</td><td>20 Jahre Vorstandschaftstätigkeit <br>auch als Kassier</td></tr><tr><td>1996</td><td>Horst Lensker</td><td>langjährige verschiedene Vorstand- <br>schaftstätigkeiten</td></tr><tr><td>1991</td><td>Horst Müller</td><td>23 Jahre Vorstandsarbeit und 2. Vorsitzender</td></tr><tr><td>1991</td><td>Siegfried Schlegel</td><td>20 Jahre Vorstandsarbeit <br>davon 6 als 1.Vorsitzender</td></tr><tr><td>1986</td><td>Rudolf Beissmann</td><td>für 33 Jahre verschiedene Vorstandstätigkeiten</td></tr></tbody></table></figure>

<p>2023 Michael Schlegel 27 Jahre Vorstandsarbeit davon 20 als 1.Vorsitzender 1997 Bernd Müller 20 Jahre Vorstandschaftstätigkeit auch als Kassier 1996 Horst Lensker langjährige verschiedene Vorstand- schaftstätigkeiten 1991 Horst Müller 23 Jahre Vorstandsarbeit und 2. Vorsitzender 1991 Siegfried Schlegel 20 Jahre Vorstandsarbeit davon 6 als 1.Vorsitzender 1986 Rudolf Beissmann für 33 Jahre verschiedene Vorstandstätigkeiten</p>
