{"id":82,"date":"2024-10-11T08:50:02","date_gmt":"2024-10-11T08:50:02","guid":{"rendered":"https:\/\/bruchsal-sfv.de\/?page_id=82"},"modified":"2026-03-25T17:26:19","modified_gmt":"2026-03-25T17:26:19","slug":"die-vorstandschaft","status":"publish","type":"page","link":"https:\/\/bruchsal-sfv.de\/index.php\/die-vorstandschaft\/","title":{"rendered":"Die Vorstandschaft"},"content":{"rendered":"\n<p><strong><mark style=\"background-color:rgba(0, 0, 0, 0)\" class=\"has-inline-color has-green-color\">2026<\/mark><\/strong><br><strong>1. Vorsitzender:<\/strong> Michael Schlegel,<br><strong>2. Vorsitzender: <\/strong>Alexander Gei\u00dfler,<br><strong>Kassier: <\/strong>Sabine Schlegel, <br><strong>Gew\u00e4sserwart:<\/strong> Horst Gunzenhauser<br> Viktor Sch\u00fctz<br><strong>Sportwart:<\/strong> Alexander Ernst<br><strong>Hauswart:<\/strong> Bernd Pfeil<br><strong>Ger\u00e4tewart:<\/strong> Josef Eisemann<br><strong>Beisitzer:<\/strong> Reiner Schumann<br><\/p>\n\n\n\n<p><\/p>\n\n\n\n<p><\/p>\n","protected":false},"excerpt":{"rendered":"<p>20261. Vorsitzender: Michael Schlegel,2. Vorsitzender: Alexander Gei\u00dfler,Kassier: Sabine Schlegel, Gew\u00e4sserwart: Horst Gunzenhauser Viktor Sch\u00fctzSportwart: Alexander ErnstHauswart: Bernd PfeilGer\u00e4tewart: Josef EisemannBeisitzer: Reiner Schumann<\/p>\n","protected":false},"author":2,"featured_media":0,"parent":0,"menu_order":0,"comment_status":"closed","ping_status":"closed","template":"","meta":{"footnotes":""},"class_list":["post-82","page","type-page","status-publish","hentry"],"_links":{"self":[{"href":"https:\/\/bruchsal-sfv.de\/index.php\/wp-json\/wp\/v2\/pages\/82","targetHints":{"allow":["GET"]}}],"collection":[{"href":"https:\/\/bruchsal-sfv.de\/index.php\/wp-json\/wp\/v2\/pages"}],"about":[{"href":"https:\/\/bruchsal-sfv.de\/index.php\/wp-json\/wp\/v2\/types\/page"}],"author":[{"embeddable":true,"href":"https:\/\/bruchsal-sfv.de\/index.php\/wp-json\/wp\/v2\/users\/2"}],"replies":[{"embeddable":true,"href":"https:\/\/bruchsal-sfv.de\/index.php\/wp-json\/wp\/v2\/comments?post=82"}],"version-history":[{"count":8,"href":"https:\/\/bruchsal-sfv.de\/index.php\/wp-json\/wp\/v2\/pages\/82\/revisions"}],"predecessor-version":[{"id":429,"href":"https:\/\/bruchsal-sfv.de\/index.php\/wp-json\/wp\/v2\/pages\/82\/revisions\/429"}],"wp:attachment":[{"href":"https:\/\/bruchsal-sfv.de\/index.php\/wp-json\/wp\/v2\/media?parent=82"}],"curies":[{"name":"wp","href":"https:\/\/api.w.org\/{rel}","templated":true}]}}

<p><strong><mark style="background-color:rgba(0, 0, 0, 0)" class="has-inline-color has-green-color">2026</mark></strong><br><strong>1. Vorsitzender:</strong> Michael Schlegel,<br><strong>2. Vorsitzender: </strong>Alexander Geißler,<br><strong>Kassier: </strong>Sabine Schlegel, <br><strong>Gewässerwart:</strong> Horst Gunzenhauser<br> Viktor Schütz<br><strong>Sportwart:</strong> Alexander Ernst<br><strong>Hauswart:</strong> Bernd Pfeil<br><strong>Gerätewart:</strong> Josef Eisemann<br><strong>Beisitzer:</strong> Reiner Schumann<br></p>



<p></p>



<p></p>

<p>20261. Vorsitzender: Michael Schlegel,2. Vorsitzender: Alexander Geißler,Kassier: Sabine Schlegel, Gewässerwart: Horst Gunzenhauser Viktor SchützSportwart: Alexander ErnstHauswart: Bernd PfeilGerätewart: Josef EisemannBeisitzer: Reiner Schumann</p>
